d 3?
1
Calculate the highest common factor of 11744 and 1376984.
2936
What is the greatest common divisor of 2940 and 7527870?
1470
What is the greatest common divisor of 16 and 5688812?
4
Calculate the highest common divisor of 52891130 and 370.
370
What is the greatest common factor of 442 and 11189009?
221
What is the highest common factor of 80522 and 1132742?
494
What is the highest common factor of 36123781 and 7116?
593
Calculate the greatest common factor of 67849296 and 12.
12
Calculate the highest common divisor of 768 and 4423488.
192
What is the greatest common divisor of 43953 and 515453?
23
Calculate the highest common factor of 60 and 1743074130.
30
What is the highest common divisor of 25130159 and 67?
67
Calculate the greatest common divisor of 582747 and 1749.
33
What is the greatest common divisor of 974016 and 75240?
1368
Calculate the greatest common divisor of 11492840 and 2280.
40
Calculate the greatest common factor of 31764505 and 8980.
2245
Calculate the greatest common factor of 27105 and 2238717.
39
What is the greatest common divisor of 21874234 and 386?
386
What is the highest common divisor of 23960869 and 314?
157
What is the highest common factor of 5 and 45349615?
5
What is the highest common divisor of 1152387 and 18873?
81
What is the greatest common factor of 877 and 4613897?
877
What is the highest common divisor of 84201 and 48906?
39
What is the highest common factor of 64811494 and 33?
11
What is the greatest common divisor of 11856 and 1807546?
494
Calculate the highest common factor of 258953 and 87677.
2039
Calculate the highest common factor of 1964211 and 2628.
219
Calculate the greatest common factor of 56502 and 6987852.
1314
What is the greatest common divisor of 1053736 and 1268?
4
Calculate the greatest common divisor of 140373 and 7.
1
What is the highest common divisor of 111954 and 530442?
282
Calculate the highest common factor of 525 and 10588865.
35
What is the highest common factor of 2264143 and 574?
287
Calculate the highest common divisor of 175539 and 16023.
21
What is the greatest common divisor of 11895 and 1079395?
305
What is the highest common factor of 159 and 3727457511?
159
Calculate the greatest common divisor of 12855373 and 4307.
73
Calculate the highest common divisor of 10166 and 520338.
26
Calculate the highest common divisor of 30 and 68734260.
30
What is the highest common factor of 1561164 and 3036?
132
Calculate the greatest common divisor of 21579848 and 16.
8
What is the highest common divisor of 141 and 4249270?
47
Calculate the highest common factor of 3563021 and 30569.
77
Calculate the highest common divisor of 2658558922 and 6362.
6362
Calculate the greatest common divisor of 794437 and 157423.
3661
What is the greatest common divisor of 13870 and 19126?
146
Calculate the greatest common divisor of 426063690 and 465.
465
Calculate the greatest common divisor of 58 and 16445842.
58
What is the greatest common divisor of 342970 and 490?
10
What is the greatest common divisor of 5910246 and 216?
54
What is the greatest common divisor of 231 and 729226113?
231
What is the highest common divisor of 531 and 65015505?
9
Calculate the greatest common factor of 19484541 and 116527.
6133
Calculate the greatest common divisor of 255 and 9036735.
15
Calculate the greatest common factor of 4740654 and 918.
102
Calculate the greatest common divisor of 732149 and 2929.
101
Calculate the greatest common divisor of 383888 and 1072.
16
What is the greatest common factor of 34697889 and 63?
9
What is the highest common divisor of 5681025 and 135?
45
Calculate the highest common factor of 1645655542 and 6334.
6334
What is the greatest common factor of 3003 and 1147575?
429
Calculate the highest common divisor of 4696 and 261744474.
1174
What is the greatest common factor of 2985582154 and 1658?
1658
Calculate the greatest common divisor of 54880 and 616420.
980
What is the greatest common factor of 1333 and 15045571?
1333
Calculate the greatest common divisor of 1449063 and 2739.
33
Calculate the greatest common factor of 3538 and 1008098.
58
Calculate the highest common factor of 1215 and 194060.
5
Calculate the greatest common divisor of 3260 and 50480.
20
What is the greatest common factor of 11022 and 412379?
11
Calculate the highest common divisor of 12 and 1362181.
1
Calculate the greatest common divisor of 14471925 and 117.
39
Calculate the highest common divisor of 332 and 212435180.
332
What is the greatest common factor of 117854 and 20933?
121
What is the greatest common factor of 120600 and 656000?
200
What is the greatest common divisor of 339486 and 263494?
826
What is the highest common divisor of 66134343 and 12463?
1133
What is the highest common divisor of 34532 and 12707?
97
Calculate the highest common factor of 338 and 20091734.
338
What is the greatest common factor of 642224 and 9434?
178
What is the greatest common divisor of 431368 and 1856423?
7703
Calculate the highest common factor of 120 and 1542136.
8
Calculate the greatest common divisor of 184 and 42999512.
184
Calculate the highest common factor of 3406423 and 1647.
61
What is the highest common factor of 204 and 22064844?
204
What is the greatest common factor of 163096 and 1014942?
1102
Calculate the highest common divisor of 188034000 and 1200.
1200
What is the highest common divisor of 2205247 and 2552?
319
What is the greatest common divisor of 3575 and 3966050?
275
What is the highest common factor of 3730013840 and 560?
560
What is the highest common divisor of 54880 and 2616992?
1568
Calculate the highest common divisor of 20852 and 1404.
52
What is the highest common divisor of 18 and 65785311?
9
What is the greatest common factor of 1377 and 107831?
17
What is the greatest common divisor of 8080 and 28215865?
505
What is the greatest common divisor of 681811 and 127985?
2327
What is the greatest common divisor of 440817 and 205323?
267
Calculate the highest common divisor of 143927 and 18434.
709
What is the highest common factor of 443333 and 3612059?
451
What is the greatest common factor of 8532009 and 15372?
549
Calculate the highest common factor of 8904 and 8764.
28
Calculate the highest common factor of 71680 and 580992.
128
Calculate the greatest common divisor of 1733 and 315598363.
1733
What is the highest common factor of 1813 and 184583?
49
What is the greatest common factor of 14014 and 6499262?
1078
Calculate the greatest common divisor of 304 and 137805708.
76
Calculate the highest common divisor of 108262624 and 32.
32
Calculate the highest common divisor of 24784 and 176.
16
What is the highest common factor of 7352954 and 319520?
3994
What is the highest common factor of 1200608 and 28288?
544
What is the highest common divisor of 1520 and 13289360?
1520
Calculate the greatest common divisor of 3500893 and 726.
121
Calculate the greatest common factor of 17603826 and 150.
6
Calculate the highest common factor of 2332 and 127463092.
212
Calculate the greatest common divisor of 152 and 109596446.
38
Calculate the highest common divisor of 364 and 18180204.
28
What is the highest common divisor of 341 and 2245463?
11
Calculate the highest common divisor of 1835321773 and 21124.
5281
What is the highest common divisor of 15823397 and 20695?
4139
Calculate the highest common divisor of 22 and 244082014.
22
Calculate the highest common factor of 274 and 985526077.
137
Calculate the highest common divisor of 53027451 and 12.
3
Calculate the highest common divisor of 1131752 and 965.
193
Calculate the greatest common factor of 7035 and 1447200.
1005
Calculate the highest common divisor of 295785 and 1443869.
2191
Calculate the highest common divisor of 2 and 27075197.
1
What is the greatest common factor of 22 and 2870128?
2
Calculate the highest common factor of 480 and 12278040.
120
Calculate the highest common factor of 4536 and 977247936.
1512
What is the highest common divisor of 178 and 141909254?
178
Calculate the greatest common factor of 79934 and 124406.
34
What is the highest common factor of 2170 and 2460570?
70
Calculate the greatest common divisor of 28 and 982772.
28
Calculate the greatest common factor of 163940 and 59060.
20
Calculate the greatest common